{"id":1544,"date":"2024-05-03T08:36:24","date_gmt":"2024-05-03T11:36:24","guid":{"rendered":"https:\/\/vaqueano.com.br\/wordpress\/?page_id=1544"},"modified":"2024-05-03T10:08:03","modified_gmt":"2024-05-03T13:08:03","slug":"degradacao-ambiental","status":"publish","type":"page","link":"https:\/\/vaqueano.com.br\/wordpress\/degradacao-ambiental\/","title":{"rendered":"Degrada\u00e7\u00e3o Ambiental"},"content":{"rendered":"\n<div class=\"wp-block-stackable-call-to-action alignfull stk-block-call-to-action stk-block stk-fa1d540 stk-block-background stk--has-background-overlay\" data-v=\"2\" data-block-id=\"fa1d540\"><style>.stk-fa1d540{background-color:#000000ff !important;background-image:url(https:\/\/vaqueano.com.br\/wordpress\/wp-content\/uploads\/2024\/05\/erosao-scaled.jpg) !important;min-height:500px !important;align-items:center !important;display:flex !important}.stk-fa1d540:before{background-color:#000000ff !important;opacity:0.3 !important}<\/style><div class=\"stk-block-call-to-action__content stk-content-align stk-fa1d540-column alignwide stk-container stk-fa1d540-container stk--no-background stk--no-padding\"><div class=\"has-text-align-center stk-block-content stk-inner-blocks stk-fa1d540-inner-blocks\">\n<div class=\"wp-block-stackable-heading stk-block-heading stk-block-heading--v2 stk-block stk-8ffd69c\" id=\"degradacao-ambiental\" data-block-id=\"8ffd69c\"><style>.stk-8ffd69c .stk-block-heading__text{font-size:50px !important;color:#FFFFFF !important;font-weight:900 !important;font-family:\"Merriweather\",Sans-serif !important}@media screen and (max-width:1023px){.stk-8ffd69c .stk-block-heading__text{font-size:50px !important}}<\/style><h3 class=\"stk-block-heading__text has-text-color has-white-color\">Degrada\u00e7\u00e3o Ambiental<\/h3><\/div>\n<\/div><\/div><\/div>\n\n\n\n<div class=\"wp-block-stackable-columns stk-block-columns stk-block stk-04395af\" data-block-id=\"04395af\"><div class=\"stk-row stk-inner-blocks stk-block-content stk-content-align stk-04395af-column\">\n<div class=\"wp-block-stackable-column stk-block-column stk-column stk-block stk-bd95c7f\" data-v=\"4\" data-block-id=\"bd95c7f\"><style>@media screen and (min-width:768px){.stk-bd95c7f{flex:1 1 calc(15% - var(--stk-column-gap,0px) * 2 \/ 3 ) !important}}<\/style><div class=\"stk-column-wrapper stk-block-column__content stk-container stk-bd95c7f-container stk--no-background stk--no-padding\"><div class=\"stk-block-content stk-inner-blocks stk-bd95c7f-inner-blocks\"><\/div><\/div><\/div>\n\n\n\n<div class=\"wp-block-stackable-column stk-block-column stk-column stk-block stk-0a5fdfa\" data-v=\"4\" data-block-id=\"0a5fdfa\"><style>@media screen and (min-width:768px){.stk-0a5fdfa{flex:1 1 calc(70% - var(--stk-column-gap,0px) * 2 \/ 3 ) !important}}<\/style><div class=\"stk-column-wrapper stk-block-column__content stk-container stk-0a5fdfa-container stk--no-background stk--no-padding\"><div class=\"stk-block-content stk-inner-blocks stk-0a5fdfa-inner-blocks\">\n<p>A degrada\u00e7\u00e3o \u00e9 resultado da forma como os seres humanos vieram se relacionando com a natureza no decorrer da hist\u00f3ria: descarte incorreto de lixo e efluentes, monoculturas, uso de agrot\u00f3xicos, remo\u00e7\u00e3o da vegeta\u00e7\u00e3o nativa, queimadas, minera\u00e7\u00e3o s\u00e3o alguns exemplos que causam a degrada\u00e7\u00e3o, que \u00e9 a perda de qualidade dos elementos naturais como a \u00e1gua, os solos e o ar.<\/p>\n\n\n\n<p>De modo mais global, sentimos as altera\u00e7\u00f5es do clima. Os eventos clim\u00e1ticos extremos s\u00e3o essas ondas de calor e frio intensos, chuvas muito fortes com ventanias e granizo, veranicos e secas prolongadas.<\/p>\n<\/div><\/div><\/div>\n\n\n\n<div class=\"wp-block-stackable-column stk-block-column stk-column stk-block stk-42e4c28\" data-v=\"4\" data-block-id=\"42e4c28\"><style>@media screen and (min-width:768px){.stk-42e4c28{flex:1 1 calc(15% - var(--stk-column-gap,0px) * 2 \/ 3 ) !important}}<\/style><div class=\"stk-column-wrapper stk-block-column__content stk-container stk-42e4c28-container stk--no-background stk--no-padding\"><div class=\"stk-block-content stk-inner-blocks stk-42e4c28-inner-blocks\"><\/div><\/div><\/div>\n<\/div><\/div>\n\n\n\n<div class=\"wp-block-stackable-columns alignfull stk-block-columns stk-block stk-31be76d\" data-block-id=\"31be76d\"><style>.stk-31be76d{padding-top:40px !important;padding-bottom:40px !important}<\/style><div class=\"stk-row stk-inner-blocks stk-block-content stk-content-align stk-31be76d-column alignfull\">\n<div class=\"wp-block-stackable-column stk-block-column stk-column stk-block stk-5cd1710\" data-v=\"4\" data-block-id=\"5cd1710\"><div class=\"stk-column-wrapper stk-block-column__content stk-container stk-5cd1710-container stk--no-background stk--no-padding\"><div class=\"stk-block-content stk-inner-blocks stk-5cd1710-inner-blocks\">\n<div class=\"wp-block-stackable-columns stk-block-columns stk-block stk-6c077e8\" data-block-id=\"6c077e8\"><div class=\"stk-row stk-inner-blocks stk-block-content stk-content-align stk-6c077e8-column\">\n<div class=\"wp-block-stackable-column stk-block-column stk-column stk-block stk-bd09070\" data-v=\"4\" data-block-id=\"bd09070\"><style>.stk-bd09070-container{margin-top:0px !important;margin-right:0px !important;margin-bottom:0px !important;margin-left:0px !important}<\/style><div class=\"stk-column-wrapper stk-block-column__content stk-container stk-bd09070-container stk--no-background stk--no-padding\"><div class=\"stk-block-content stk-inner-blocks stk-bd09070-inner-blocks\">\n<div class=\"wp-block-stackable-image stk-block-image stk-block stk-ba7e0c6\" data-block-id=\"ba7e0c6\"><style>.stk-ba7e0c6{border-style:solid !important;border-color:var(--stk-global-color-58834,#ffffff) !important;border-top-width:0px !important;border-bottom-width:0px !important;border-left-width:0px !important}.stk-ba7e0c6 .stk-img-wrapper{height:400px !important}@media screen and (max-width:767px){.stk-ba7e0c6{border-right-width:0px !important;border-bottom-width:1px !important}}<\/style><figure><div class=\"stk-img-wrapper stk-image--shape-stretch\"><img decoding=\"async\" loading=\"lazy\" class=\"stk-img wp-image-1563\" src=\"https:\/\/vaqueano.com.br\/wordpress\/wp-content\/uploads\/2024\/05\/industria-scaled.jpg\" width=\"2560\" height=\"1707\" srcset=\"https:\/\/vaqueano.com.br\/wordpress\/wp-content\/uploads\/2024\/05\/industria-scaled.jpg 2560w, https:\/\/vaqueano.com.br\/wordpress\/wp-content\/uploads\/2024\/05\/industria-300x200.jpg 300w, https:\/\/vaqueano.com.br\/wordpress\/wp-content\/uploads\/2024\/05\/industria-1024x683.jpg 1024w, https:\/\/vaqueano.com.br\/wordpress\/wp-content\/uploads\/2024\/05\/industria-768x512.jpg 768w, https:\/\/vaqueano.com.br\/wordpress\/wp-content\/uploads\/2024\/05\/industria-1536x1024.jpg 1536w, https:\/\/vaqueano.com.br\/wordpress\/wp-content\/uploads\/2024\/05\/industria-2048x1365.jpg 2048w\" sizes=\"(max-width: 2560px) 100vw, 2560px\" \/><\/div><\/figure><\/div>\n<\/div><\/div><\/div>\n\n\n\n<div class=\"wp-block-stackable-column stk-block-column stk-column stk-block stk-ffb8ae8\" data-v=\"4\" data-block-id=\"ffb8ae8\"><style>.stk-ffb8ae8-container{margin-top:0px !important;margin-right:0px !important;margin-bottom:0px !important;margin-left:0px !important}<\/style><div class=\"stk-column-wrapper stk-block-column__content stk-container stk-ffb8ae8-container stk--no-background stk--no-padding\"><div class=\"stk-block-content stk-inner-blocks stk-ffb8ae8-inner-blocks\">\n<div class=\"wp-block-stackable-image stk-block-image stk-block stk-7f0367f\" data-block-id=\"7f0367f\"><style>.stk-7f0367f .stk-img-wrapper{height:400px !important}<\/style><figure><div class=\"stk-img-wrapper stk-image--shape-stretch\"><img decoding=\"async\" loading=\"lazy\" class=\"stk-img wp-image-1564\" src=\"https:\/\/vaqueano.com.br\/wordpress\/wp-content\/uploads\/2024\/05\/desmatamento-scaled.jpg\" width=\"2560\" height=\"1707\" srcset=\"https:\/\/vaqueano.com.br\/wordpress\/wp-content\/uploads\/2024\/05\/desmatamento-scaled.jpg 2560w, https:\/\/vaqueano.com.br\/wordpress\/wp-content\/uploads\/2024\/05\/desmatamento-300x200.jpg 300w, https:\/\/vaqueano.com.br\/wordpress\/wp-content\/uploads\/2024\/05\/desmatamento-1024x683.jpg 1024w, https:\/\/vaqueano.com.br\/wordpress\/wp-content\/uploads\/2024\/05\/desmatamento-768x512.jpg 768w, https:\/\/vaqueano.com.br\/wordpress\/wp-content\/uploads\/2024\/05\/desmatamento-1536x1024.jpg 1536w, https:\/\/vaqueano.com.br\/wordpress\/wp-content\/uploads\/2024\/05\/desmatamento-2048x1365.jpg 2048w\" sizes=\"(max-width: 2560px) 100vw, 2560px\" \/><\/div><\/figure><\/div>\n<\/div><\/div><\/div>\n\n\n\n<div class=\"wp-block-stackable-column stk-block-column stk-column stk-block stk-3e19c7e\" data-v=\"4\" data-block-id=\"3e19c7e\"><style>.stk-3e19c7e-container{margin-top:0px !important;margin-right:0px !important;margin-bottom:0px !important;margin-left:0px !important}<\/style><div class=\"stk-column-wrapper stk-block-column__content stk-container stk-3e19c7e-container stk--no-background stk--no-padding\"><div class=\"stk-block-content stk-inner-blocks stk-3e19c7e-inner-blocks\">\n<div class=\"wp-block-stackable-image stk-block-image stk-block stk-dd9203f\" data-block-id=\"dd9203f\"><style>.stk-dd9203f{border-style:solid !important;border-color:var(--stk-global-color-58834,#ffffff) !important;border-top-width:0px !important;border-right-width:0px !important;border-bottom-width:0px !important}.stk-dd9203f .stk-img-wrapper{height:400px !important}@media screen and (max-width:767px){.stk-dd9203f{border-top-width:1px !important;border-left-width:0px !important}}<\/style><figure><div class=\"stk-img-wrapper stk-image--shape-stretch\"><img decoding=\"async\" loading=\"lazy\" class=\"stk-img wp-image-1565\" src=\"https:\/\/vaqueano.com.br\/wordpress\/wp-content\/uploads\/2024\/05\/mineracao-scaled.jpg\" width=\"2560\" height=\"1707\" srcset=\"https:\/\/vaqueano.com.br\/wordpress\/wp-content\/uploads\/2024\/05\/mineracao-scaled.jpg 2560w, https:\/\/vaqueano.com.br\/wordpress\/wp-content\/uploads\/2024\/05\/mineracao-300x200.jpg 300w, https:\/\/vaqueano.com.br\/wordpress\/wp-content\/uploads\/2024\/05\/mineracao-1024x683.jpg 1024w, https:\/\/vaqueano.com.br\/wordpress\/wp-content\/uploads\/2024\/05\/mineracao-768x512.jpg 768w, https:\/\/vaqueano.com.br\/wordpress\/wp-content\/uploads\/2024\/05\/mineracao-1536x1024.jpg 1536w, https:\/\/vaqueano.com.br\/wordpress\/wp-content\/uploads\/2024\/05\/mineracao-2048x1365.jpg 2048w\" sizes=\"(max-width: 2560px) 100vw, 2560px\" \/><\/div><\/figure><\/div>\n<\/div><\/div><\/div>\n<\/div><\/div>\n<\/div><\/div><\/div>\n<\/div><\/div>\n\n\n\n<div class=\"wp-block-stackable-columns stk-block-columns stk-block stk-edb16d6\" data-block-id=\"edb16d6\"><style>.stk-edb16d6{margin-bottom:100px !important}<\/style><div class=\"stk-row stk-inner-blocks stk-block-content stk-content-align stk-edb16d6-column\">\n<div class=\"wp-block-stackable-column stk-block-column stk-column stk-block stk-a2b96a0\" data-v=\"4\" data-block-id=\"a2b96a0\"><style>@media screen and (min-width:768px){.stk-a2b96a0{flex:1 1 calc(15% - var(--stk-column-gap,0px) * 2 \/ 3 ) !important}}<\/style><div class=\"stk-column-wrapper stk-block-column__content stk-container stk-a2b96a0-container stk--no-background stk--no-padding\"><div class=\"stk-block-content stk-inner-blocks stk-a2b96a0-inner-blocks\"><\/div><\/div><\/div>\n\n\n\n<div class=\"wp-block-stackable-column stk-block-column stk-column stk-block stk-08b2683\" data-v=\"4\" data-block-id=\"08b2683\"><style>@media screen and (min-width:768px){.stk-08b2683{flex:1 1 calc(70% - var(--stk-column-gap,0px) * 2 \/ 3 ) !important}}<\/style><div class=\"stk-column-wrapper stk-block-column__content stk-container stk-08b2683-container stk--no-background stk--no-padding\"><div class=\"stk-block-content stk-inner-blocks stk-08b2683-inner-blocks\">\n<p>Temos tamb\u00e9m a perda da qualidade de nossas paisagens. Com a retirada de grande parte das florestas, existem apenas pequenos fragmentos florestais isolados e com baixa diversidade de esp\u00e9cies. Grande parte das paisagens das microbacias hidrogr\u00e1ficas \u00e9 constitu\u00edda por pastagens, muitas delas degradadas.<\/p>\n\n\n\n<p>Essas \u00e1reas degradadas possuem os solos compactados, por falta de manejo adequado, excesso de gado ou m\u00e1quinas agr\u00edcolas. A compacta\u00e7\u00e3o dos solos dificulta o desenvolvimento da vegeta\u00e7\u00e3o, deixando o solo exposto e causando processos erosivos com perdas de solo, \u00e1gua e nutrientes. Isso tamb\u00e9m diminui a infiltra\u00e7\u00e3o de \u00e1gua da chuva no solo e aumenta o escoamento superficial, favorecendo a eros\u00e3o e o assoreamento de nascentes e cursos d&#8217;\u00e1gua.<\/p>\n\n\n\n<p>A infiltra\u00e7\u00e3o de \u00e1gua no solo reduzida afeta a recarga de len\u00e7ol fre\u00e1tico nas microbacias hidrogr\u00e1ficas, diminuindo a quantidade e qualidade das \u00e1guas de nascentes. E ainda h\u00e1 a falta de saneamento e tratamento de esgoto, nas \u00e1reas rurais e urbanas, o que acentua a polui\u00e7\u00e3o das \u00e1guas e do solo.<\/p>\n<\/div><\/div><\/div>\n\n\n\n<div class=\"wp-block-stackable-column stk-block-column stk-column stk-block stk-98eb9ed\" data-v=\"4\" data-block-id=\"98eb9ed\"><style>@media screen and (min-width:768px){.stk-98eb9ed{flex:1 1 calc(15% - var(--stk-column-gap,0px) * 2 \/ 3 ) !important}}<\/style><div class=\"stk-column-wrapper stk-block-column__content stk-container stk-98eb9ed-container stk--no-background stk--no-padding\"><div class=\"stk-block-content stk-inner-blocks stk-98eb9ed-inner-blocks\"><\/div><\/div><\/div>\n<\/div><\/div>\n","protected":false},"excerpt":{"rendered":"<p>Degrada\u00e7\u00e3o Ambiental A degrada\u00e7\u00e3o \u00e9 resultado da forma como os seres humanos vieram se relacionando com a natureza no decorrer [&hellip;]<\/p>\n","protected":false},"author":1,"featured_media":0,"parent":0,"menu_order":0,"comment_status":"closed","ping_status":"closed","template":"","meta":{"_eb_attr":"","site-sidebar-layout":"default","site-content-layout":"","ast-site-content-layout":"","site-content-style":"default","site-sidebar-style":"default","ast-global-header-display":"","ast-banner-title-visibility":"","ast-main-header-display":"","ast-hfb-above-header-display":"","ast-hfb-below-header-display":"","ast-hfb-mobile-header-display":"","site-post-title":"","ast-breadcrumbs-content":"","ast-featured-img":"","footer-sml-layout":"","theme-transparent-header-meta":"","adv-header-id-meta":"","stick-header-meta":"","header-above-stick-meta":"","header-main-stick-meta":"","header-below-stick-meta":"","astra-migrate-meta-layouts":"default","ast-page-background-enabled":"default","ast-page-background-meta":{"desktop":{"background-color":"var(--ast-global-color-4)","background-image":"","background-repeat":"repeat","background-position":"center center","background-size":"auto","background-attachment":"scroll","background-type":"","background-media":"","overlay-type":"","overlay-color":"","overlay-gradient":""},"tablet":{"background-color":"","background-image":"","background-repeat":"repeat","background-position":"center center","background-size":"auto","background-attachment":"scroll","background-type":"","background-media":"","overlay-type":"","overlay-color":"","overlay-gradient":""},"mobile":{"background-color":"","background-image":"","background-repeat":"repeat","background-position":"center center","background-size":"auto","background-attachment":"scroll","background-type":"","background-media":"","overlay-type":"","overlay-color":"","overlay-gradient":""}},"ast-content-background-meta":{"desktop":{"background-color":"var(--ast-global-color-5)","background-image":"","background-repeat":"repeat","background-position":"center center","background-size":"auto","background-attachment":"scroll","background-type":"","background-media":"","overlay-type":"","overlay-color":"","overlay-gradient":""},"tablet":{"background-color":"var(--ast-global-color-5)","background-image":"","background-repeat":"repeat","background-position":"center center","background-size":"auto","background-attachment":"scroll","background-type":"","background-media":"","overlay-type":"","overlay-color":"","overlay-gradient":""},"mobile":{"background-color":"var(--ast-global-color-5)","background-image":"","background-repeat":"repeat","background-position":"center center","background-size":"auto","background-attachment":"scroll","background-type":"","background-media":"","overlay-type":"","overlay-color":"","overlay-gradient":""}},"footnotes":""},"featured_image_urls":{"full":"","thumbnail":"","medium":"","medium_large":"","large":"","1536x1536":"","2048x2048":""},"post_excerpt_stackable":"<p>Degrada\u00e7\u00e3o Ambiental A degrada\u00e7\u00e3o \u00e9 resultado da forma como os seres humanos vieram se relacionando com a natureza no decorrer da hist\u00f3ria: descarte incorreto de lixo e efluentes, monoculturas, uso de agrot\u00f3xicos, remo\u00e7\u00e3o da vegeta\u00e7\u00e3o nativa, queimadas, minera\u00e7\u00e3o s\u00e3o alguns exemplos que causam a degrada\u00e7\u00e3o, que \u00e9 a perda de qualidade dos elementos naturais como a \u00e1gua, os solos e o ar. De modo mais global, sentimos as altera\u00e7\u00f5es do clima. Os eventos clim\u00e1ticos extremos s\u00e3o essas ondas de calor e frio intensos, chuvas muito fortes com ventanias e granizo, veranicos e secas prolongadas. Temos tamb\u00e9m a perda da qualidade&hellip;<\/p>\n","category_list":"","author_info":{"name":"admin","url":"https:\/\/vaqueano.com.br\/wordpress\/author\/admin\/"},"comments_num":"0 coment\u00e1rio","_links":{"self":[{"href":"https:\/\/vaqueano.com.br\/wordpress\/wp-json\/wp\/v2\/pages\/1544"}],"collection":[{"href":"https:\/\/vaqueano.com.br\/wordpress\/wp-json\/wp\/v2\/pages"}],"about":[{"href":"https:\/\/vaqueano.com.br\/wordpress\/wp-json\/wp\/v2\/types\/page"}],"author":[{"embeddable":true,"href":"https:\/\/vaqueano.com.br\/wordpress\/wp-json\/wp\/v2\/users\/1"}],"replies":[{"embeddable":true,"href":"https:\/\/vaqueano.com.br\/wordpress\/wp-json\/wp\/v2\/comments?post=1544"}],"version-history":[{"count":4,"href":"https:\/\/vaqueano.com.br\/wordpress\/wp-json\/wp\/v2\/pages\/1544\/revisions"}],"predecessor-version":[{"id":1577,"href":"https:\/\/vaqueano.com.br\/wordpress\/wp-json\/wp\/v2\/pages\/1544\/revisions\/1577"}],"wp:attachment":[{"href":"https:\/\/vaqueano.com.br\/wordpress\/wp-json\/wp\/v2\/media?parent=1544"}],"curies":[{"name":"wp","href":"https:\/\/api.w.org\/{rel}","templated":true}]}}